{"id":117,"date":"2020-02-19T17:23:24","date_gmt":"2020-02-19T16:23:24","guid":{"rendered":"http:\/\/artsgraphiques.art.blog\/?page_id=117"},"modified":"2026-03-31T13:59:34","modified_gmt":"2026-03-31T11:59:34","slug":"manga","status":"publish","type":"page","link":"https:\/\/ateliers-contraste.com\/index.php\/manga\/","title":{"rendered":"MANGA"},"content":{"rendered":"\n<p id=\"Stage\" style=\"font-size:40px\"><strong>Stages MANGA<\/strong> : <\/p>\n\n\n\n<p class=\"has-text-align-center coblocks-animate\" data-coblocks-animation=\"zoomIn\"><strong><em><mark style=\"background-color:rgba(0, 0, 0, 0)\" class=\"has-inline-color has-secondary-color\">5j la premi\u00e8re semaine des vacances scolaires<\/mark><\/em><\/strong><\/p>\n\n\n\n<div class=\"wp-block-columns alignwide are-vertically-aligned-bottom is-layout-flex wp-container-core-columns-is-layout-c9c9a1cb wp-block-columns-is-layout-flex\" style=\"border-top-left-radius:33px;border-top-right-radius:33px;border-bottom-left-radius:33px;border-bottom-right-radius:33px;margin-top:0;margin-bottom:0;padding-right:var(--wp--preset--spacing--80);padding-left:var(--wp--preset--spacing--80)\">\n<div class=\"wp-block-column is-vertically-aligned-bottom is-layout-flow wp-container-core-column-is-layout-9f77543f wp-block-column-is-layout-flow\" style=\"flex-basis:33.34%\">\n<div class=\"wp-block-kadence-image kb-image117_a1a19c-61\"><figure class=\"alignright size-full\"><img data-recalc-dims=\"1\" loading=\"lazy\" decoding=\"async\" width=\"165\" height=\"295\" src=\"https:\/\/i0.wp.com\/ateliers-contraste.com\/wp-content\/uploads\/2026\/01\/2026clindoeil.png?resize=165%2C295&#038;ssl=1\" alt=\"\" class=\"kb-img wp-image-2778\"\/><\/figure><\/div>\n<\/div>\n\n\n\n<div class=\"wp-block-column is-vertically-aligned-bottom is-layout-flow wp-block-column-is-layout-flow\" style=\"flex-basis:33.34%\">\n<p class=\"has-text-align-center is-style-info\">Prochain stage MANGA de 14h \u00e0 16h \u00e0 la MAI : <br><strong>20 au 24 avril 2026<\/strong><br>(mat\u00e9riel fourni)<\/p>\n<\/div>\n\n\n\n<div class=\"wp-block-column is-vertically-aligned-bottom is-layout-flow wp-block-column-is-layout-flow\" style=\"flex-basis:33.33%\"><div class=\"wp-block-image\">\n<figure class=\"alignleft size-full is-resized\"><img data-recalc-dims=\"1\" loading=\"lazy\" decoding=\"async\" width=\"300\" height=\"188\" src=\"https:\/\/i0.wp.com\/ateliers-contraste.com\/wp-content\/uploads\/2026\/03\/Pass.png?resize=300%2C188&#038;ssl=1\" alt=\"\" class=\"wp-image-2909\" style=\"aspect-ratio:1.595676414203756;width:128px;height:auto\"\/><\/figure>\n<\/div><\/div>\n<\/div>\n\n\n\n<p class=\"has-text-align-center\">ouvrir le <strong><a href=\"https:\/\/ateliers-contraste.com\/wp-content\/uploads\/2025\/09\/bulletin-inscription-manga-2025-2026.pdf\" target=\"_blank\" rel=\"noreferrer noopener\">Bulletin d&rsquo;inscription<\/a><\/strong><br>ou contacter Fran\u00e7oise <strong>BONELLI<\/strong> <strong>06 89 54 37 54<\/strong><\/p>\n\n\n\n<div class=\"wp-block-columns are-vertically-aligned-top has-normal-font-size is-layout-flex wp-container-core-columns-is-layout-07b7b7eb wp-block-columns-is-layout-flex\" style=\"border-style:none;border-width:0px;border-radius:0px;padding-top:0;padding-right:0;padding-bottom:0;padding-left:0\">\n<div class=\"wp-block-column is-vertically-aligned-top is-layout-flow wp-block-column-is-layout-flow\" style=\"flex-basis:100%\">\n<div class=\"wp-block-columns alignfull is-layout-flex wp-container-core-columns-is-layout-28f84493 wp-block-columns-is-layout-flex\">\n<div class=\"wp-block-column is-layout-flow wp-block-column-is-layout-flow\">\n<figure class=\"wp-block-image size-full has-lightbox\"><a href=\"https:\/\/i0.wp.com\/ateliers-contraste.com\/wp-content\/uploads\/2026\/03\/stage-manga-202604.png?ssl=1\" target=\"_blank\" rel=\" noreferrer noopener\"><img data-recalc-dims=\"1\" loading=\"lazy\" decoding=\"async\" width=\"603\" height=\"866\" src=\"https:\/\/i0.wp.com\/ateliers-contraste.com\/wp-content\/uploads\/2026\/03\/stage-manga-202604.png?resize=603%2C866&#038;ssl=1\" alt=\"\" class=\"wp-image-2843\" srcset=\"https:\/\/i0.wp.com\/ateliers-contraste.com\/wp-content\/uploads\/2026\/03\/stage-manga-202604.png?w=603&amp;ssl=1 603w, https:\/\/i0.wp.com\/ateliers-contraste.com\/wp-content\/uploads\/2026\/03\/stage-manga-202604.png?resize=209%2C300&amp;ssl=1 209w\" sizes=\"auto, (max-width: 603px) 100vw, 603px\" \/><\/a><figcaption class=\"wp-element-caption\">Inscription au prochain stage Manga<\/figcaption><\/figure>\n<\/div>\n\n\n\n<div class=\"wp-block-column is-vertically-aligned-center is-layout-flow wp-block-column-is-layout-flow\">\n<p class=\"has-text-align-center\"><strong>130\u20ac<\/strong> &#8211; <strong>Pass92 accept\u00e9<\/strong><br>M.A.I <br>3 Rue du Prince Eug\u00e8ne 92500, <br>Rueil-Malmaison<br>(Parking gratuit sur place)<\/p>\n<\/div>\n\n\n\n<div class=\"wp-block-column is-vertically-aligned-center is-layout-flow wp-block-column-is-layout-flow\"><div class=\"kb-google-maps-container kb-google-maps-container117_a77e53-8a  wp-block-kadence-googlemaps\" data-mapid=\"117_a77e538a\"><iframe width=\"100%\" height=\"100%\"\n\t\t\t\t\t\t\tstyle=\"border:0\" loading=\"lazy\"\n\t\t\t\t\t\t\tsrc=\"https:\/\/www.google.com\/maps\/embed\/v1\/place?key=AIzaSyBAM2o7PiQqwk15LC1XRH2e_KJ-jUa7KYk&#038;zoom=16&#038;maptype=roadmap&#038;q=3+Rue+du+Prince+Eug%C3%A8ne+92500%2C+Rueil-Malmaison\"\n\t\t\t\t\t\t\ttitle=\"Carte Google de 3 Rue du Prince Eug\u00e8ne 92500, Rueil-Malmaison\"><\/iframe><\/div><script>function kb_google_map117_a77e538a() { let center = { lat: 37.8201, lng: -122.4781}; let map = new google.maps.Map(document.getElementById(\"kb-google-map117_a77e538a\"), {\n\t\t\t\t\t    zoom: 16,\n\t\t\t\t\t    center: center,});let marker = new google.maps.Marker({   position: { lat: 37.8201, lng: -122.4781},    map: map,  });}<\/script><\/div>\n<\/div>\n\n\n\n<p style=\"font-size:15px\" class=\"mb-0 pb-0 mt-0 pt-0\"><a href=\"https:\/\/ateliers-contraste.com\">Abonnez vous<\/a> au blog pour \u00eatre inform\u00e9 des dates et d\u00e9tails des stages d\u00e9s leur publication.<\/p>\n<\/div>\n<\/div>\n\n\n<div class=\"wp-block-image\">\n<figure class=\"aligncenter size-full is-resized coblocks-animate\" data-coblocks-animation=\"zoomIn\"><img data-recalc-dims=\"1\" loading=\"lazy\" decoding=\"async\" width=\"178\" height=\"158\" src=\"https:\/\/i0.wp.com\/ateliers-contraste.com\/wp-content\/uploads\/2023\/12\/cropped-cropped-logoAteliersContraste2.jpg?resize=178%2C158&#038;ssl=1\" alt=\"\" class=\"wp-image-1343\" style=\"width:154px;height:auto\"\/><\/figure>\n<\/div>\n\n\n<p id=\"CONCOURS\" style=\"font-size:40px\"><strong>3\u00e9me<\/strong> <strong>CONCOURS DESSIN MANGA 2026<\/strong><\/p>\n\n\n\n<div class=\"wp-block-columns is-layout-flex wp-container-core-columns-is-layout-28f84493 wp-block-columns-is-layout-flex\">\n<div class=\"wp-block-column is-vertically-aligned-center has-background-background-color has-background has-normal-font-size is-layout-flow wp-container-core-column-is-layout-8a368f38 wp-block-column-is-layout-flow\" style=\"border-style:none;border-width:0px;flex-basis:60%\">\n<p class=\"has-text-align-center has-foreground-dark-color has-background-background-color has-text-color has-background has-link-color coblocks-animate wp-elements-35d285342b75f66b7ed5b8441727363f\" data-coblocks-animation=\"zoomIn\">Le concours de dessin Manga 2026, ouvert aux artistes \u00e0 partir de 10 ans et sans limite d&rsquo;\u00e2ge,<br>se d\u00e9roulera du 6 avril au 4 mai. <br><a href=\"https:\/\/ateliers-contraste.com\/wp-content\/uploads\/2026\/03\/REGLEMENT-2026-VERSION-v4.1.pdf\" type=\"attachment\" id=\"2904\">R\u00e8glement complet \u00e0 t\u00e9l\u00e9charger<\/a><\/p>\n\n\n\n<p class=\"has-text-align-center has-foreground-dark-color has-background-background-color has-text-color has-background has-link-color coblocks-animate wp-elements-4318d0cc76d66c1364a66178d640e14c\" data-coblocks-animation=\"zoomIn\"><br>Pour patienter, r<a href=\"https:\/\/ateliers-contraste.com\/index.php\/2025\/05\/29\/grand-concours-de-dessins-manga-2025-felicitations-aux-6-laureat-e-s\/\" target=\"_blank\" rel=\"noreferrer noopener\">etrouvez les r\u00e9sultats du concours 2025<\/a><\/p>\n\n\n\n<p class=\"has-text-align-center\" style=\"font-size:15px\"><a href=\"https:\/\/ateliers-contraste.com\">Abonnez-vous<\/a> au blog pour \u00eatre inform\u00e9 du concours 2026.<\/p>\n<\/div>\n\n\n\n<div class=\"wp-block-column is-layout-flow wp-block-column-is-layout-flow\" style=\"flex-basis:40%\">\n<div class=\"wp-block-kadence-image kb-image117_b09818-63 coblocks-animate\" data-coblocks-animation=\"zoomIn\"><figure class=\"aligncenter size-full\"><a href=\"https:\/\/ateliers-contraste.com\/wp-content\/uploads\/2026\/03\/Concours-de-Dessin-Manga-2026-V5-FLYER-RECTO-VERSO-FLYER.pdf\" class=\"kb-advanced-image-link\" target=\"_blank\" rel=\"noopener noreferrer\"><img data-recalc-dims=\"1\" loading=\"lazy\" decoding=\"async\" width=\"750\" height=\"1061\" src=\"https:\/\/i0.wp.com\/ateliers-contraste.com\/wp-content\/uploads\/2026\/03\/Concours-de-Dessin-Manga-2026-V5-VISUEL-AFFICHE_page-0001.jpg?resize=750%2C1061&#038;ssl=1\" alt=\"\" class=\"kb-img wp-image-2881\" srcset=\"https:\/\/i0.wp.com\/ateliers-contraste.com\/wp-content\/uploads\/2026\/03\/Concours-de-Dessin-Manga-2026-V5-VISUEL-AFFICHE_page-0001.jpg?w=1241&amp;ssl=1 1241w, https:\/\/i0.wp.com\/ateliers-contraste.com\/wp-content\/uploads\/2026\/03\/Concours-de-Dessin-Manga-2026-V5-VISUEL-AFFICHE_page-0001.jpg?resize=212%2C300&amp;ssl=1 212w, https:\/\/i0.wp.com\/ateliers-contraste.com\/wp-content\/uploads\/2026\/03\/Concours-de-Dessin-Manga-2026-V5-VISUEL-AFFICHE_page-0001.jpg?resize=724%2C1024&amp;ssl=1 724w, https:\/\/i0.wp.com\/ateliers-contraste.com\/wp-content\/uploads\/2026\/03\/Concours-de-Dessin-Manga-2026-V5-VISUEL-AFFICHE_page-0001.jpg?resize=768%2C1086&amp;ssl=1 768w, https:\/\/i0.wp.com\/ateliers-contraste.com\/wp-content\/uploads\/2026\/03\/Concours-de-Dessin-Manga-2026-V5-VISUEL-AFFICHE_page-0001.jpg?resize=1086%2C1536&amp;ssl=1 1086w\" sizes=\"auto, (max-width: 750px) 100vw, 750px\" \/><\/a><figcaption>3\u00e9me concours de dessin MANGA<\/figcaption><\/figure><\/div>\n<\/div>\n<\/div>\n\n\n\n<p><\/p>\n<style class=\"advgb-styles-renderer\">.kb-image117_a1a19c-61.kb-image-is-ratio-size, .kb-image117_a1a19c-61 .kb-image-is-ratio-size{max-width:90px;width:100%;}.wp-block-kadence-column > .kt-inside-inner-col > .kb-image117_a1a19c-61.kb-image-is-ratio-size, .wp-block-kadence-column > .kt-inside-inner-col > .kb-image117_a1a19c-61 .kb-image-is-ratio-size{align-self:unset;}.kb-image117_a1a19c-61 figure{max-width:90px;}.kb-image117_a1a19c-61 .image-is-svg, .kb-image117_a1a19c-61 .image-is-svg img{width:100%;}.kb-image117_a1a19c-61 .kb-image-has-overlay:after{opacity:0.3;}.kb-google-maps-container117_a77e53-8a{max-width:300px;height:300px;}.kb-image117_b09818-63.kb-image-is-ratio-size, .kb-image117_b09818-63 .kb-image-is-ratio-size{max-width:204px;width:100%;}.wp-block-kadence-column > .kt-inside-inner-col > .kb-image117_b09818-63.kb-image-is-ratio-size, .wp-block-kadence-column > .kt-inside-inner-col > .kb-image117_b09818-63 .kb-image-is-ratio-size{align-self:unset;}.kb-image117_b09818-63 figure{max-width:204px;}.kb-image117_b09818-63 .image-is-svg, .kb-image117_b09818-63 .image-is-svg img{width:100%;}.kb-image117_b09818-63 .kb-image-has-overlay:after{opacity:0.3;}.kb-image117_b09818-63 img.kb-img, .kb-image117_b09818-63 .kb-img img{border-top:0px solid #181818;border-right:0px solid #181818;border-bottom:0px solid #181818;border-left:0px solid #181818;}@media all and (max-width: 1024px){.kb-image117_b09818-63 img.kb-img, .kb-image117_b09818-63 .kb-img img{border-top:0px solid #181818;border-right:0px solid #181818;border-bottom:0px solid #181818;border-left:0px solid #181818;}}@media all and (max-width: 767px){.kb-image117_b09818-63 img.kb-img, .kb-image117_b09818-63 .kb-img img{border-top:0px solid #181818;border-right:0px solid #181818;border-bottom:0px solid #181818;border-left:0px solid #181818;}}<\/style>","protected":false},"excerpt":{"rendered":"<p>Stages MANGA : 5j la premi\u00e8re semaine des vacances scolaires Prochain stage MANGA de 14h \u00e0 16h \u00e0 la MAI : 20 au 24 avril 2026(mat\u00e9riel fourni) ouvrir le Bulletin d&rsquo;inscriptionou contacter Fran\u00e7oise BONELLI 06 89 54 37 54 130\u20ac &#8211; Pass92 accept\u00e9M.A.I 3 Rue du Prince Eug\u00e8ne 92500, Rueil-Malmaison(Parking gratuit sur place) Abonnez vous<a class=\"more-link\" href=\"https:\/\/ateliers-contraste.com\/index.php\/manga\/\">Lire la suite <span class=\"screen-reader-text\">\u00ab\u00a0MANGA\u00a0\u00bb<\/span><\/a><\/p>\n","protected":false},"author":1,"featured_media":0,"parent":0,"menu_order":0,"comment_status":"closed","ping_status":"closed","template":"","meta":{"_coblocks_attr":"","_coblocks_dimensions":"","_coblocks_responsive_height":"","_coblocks_accordion_ie_support":"","_uag_custom_page_level_css":"","advgb_blocks_editor_width":"","advgb_blocks_columns_visual_guide":"","jetpack_post_was_ever_published":false,"footnotes":""},"class_list":["post-117","page","type-page","status-publish","hentry","entry"],"yoast_head":"<!-- This site is optimized with the Yoast SEO plugin v27.4 - https:\/\/yoast.com\/product\/yoast-seo-wordpress\/ -->\n<title>MANGA - ATELIERS CONTRASTE<\/title>\n<meta name=\"robots\" content=\"index, follow, max-snippet:-1, max-image-preview:large, max-video-preview:-1\" \/>\n<link rel=\"canonical\" href=\"https:\/\/ateliers-contraste.com\/index.php\/manga\/\" \/>\n<meta property=\"og:locale\" content=\"fr_FR\" \/>\n<meta property=\"og:type\" content=\"article\" \/>\n<meta property=\"og:title\" content=\"MANGA - ATELIERS CONTRASTE\" \/>\n<meta property=\"og:description\" content=\"Stages MANGA : 5j la premi\u00e8re semaine des vacances scolaires Prochain stage MANGA de 14h \u00e0 16h \u00e0 la MAI : 20 au 24 avril 2026(mat\u00e9riel fourni) ouvrir le Bulletin d&rsquo;inscriptionou contacter Fran\u00e7oise BONELLI 06 89 54 37 54 130\u20ac &#8211; Pass92 accept\u00e9M.A.I 3 Rue du Prince Eug\u00e8ne 92500, Rueil-Malmaison(Parking gratuit sur place) Abonnez vousLire la suite &quot;MANGA&quot;\" \/>\n<meta property=\"og:url\" content=\"https:\/\/ateliers-contraste.com\/index.php\/manga\/\" \/>\n<meta property=\"og:site_name\" content=\"ATELIERS CONTRASTE\" \/>\n<meta property=\"article:modified_time\" content=\"2026-03-31T11:59:34+00:00\" \/>\n<meta property=\"og:image\" content=\"https:\/\/ateliers-contraste.com\/wp-content\/uploads\/2026\/01\/2026clindoeil.png\" \/>\n<meta name=\"twitter:card\" content=\"summary_large_image\" \/>\n<meta name=\"twitter:label1\" content=\"Dur\u00e9e de lecture estim\u00e9e\" \/>\n\t<meta name=\"twitter:data1\" content=\"2 minutes\" \/>\n<script type=\"application\/ld+json\" class=\"yoast-schema-graph\">{\"@context\":\"https:\\\/\\\/schema.org\",\"@graph\":[{\"@type\":\"WebPage\",\"@id\":\"https:\\\/\\\/ateliers-contraste.com\\\/index.php\\\/manga\\\/\",\"url\":\"https:\\\/\\\/ateliers-contraste.com\\\/index.php\\\/manga\\\/\",\"name\":\"MANGA - ATELIERS CONTRASTE\",\"isPartOf\":{\"@id\":\"https:\\\/\\\/ateliers-contraste.com\\\/#website\"},\"primaryImageOfPage\":{\"@id\":\"https:\\\/\\\/ateliers-contraste.com\\\/index.php\\\/manga\\\/#primaryimage\"},\"image\":{\"@id\":\"https:\\\/\\\/ateliers-contraste.com\\\/index.php\\\/manga\\\/#primaryimage\"},\"thumbnailUrl\":\"https:\\\/\\\/ateliers-contraste.com\\\/wp-content\\\/uploads\\\/2026\\\/01\\\/2026clindoeil.png\",\"datePublished\":\"2020-02-19T16:23:24+00:00\",\"dateModified\":\"2026-03-31T11:59:34+00:00\",\"breadcrumb\":{\"@id\":\"https:\\\/\\\/ateliers-contraste.com\\\/index.php\\\/manga\\\/#breadcrumb\"},\"inLanguage\":\"fr-FR\",\"potentialAction\":[{\"@type\":\"ReadAction\",\"target\":[\"https:\\\/\\\/ateliers-contraste.com\\\/index.php\\\/manga\\\/\"]}]},{\"@type\":\"ImageObject\",\"inLanguage\":\"fr-FR\",\"@id\":\"https:\\\/\\\/ateliers-contraste.com\\\/index.php\\\/manga\\\/#primaryimage\",\"url\":\"https:\\\/\\\/i0.wp.com\\\/ateliers-contraste.com\\\/wp-content\\\/uploads\\\/2026\\\/01\\\/2026clindoeil.png?fit=165%2C295&ssl=1\",\"contentUrl\":\"https:\\\/\\\/i0.wp.com\\\/ateliers-contraste.com\\\/wp-content\\\/uploads\\\/2026\\\/01\\\/2026clindoeil.png?fit=165%2C295&ssl=1\",\"width\":165,\"height\":295,\"caption\":\"Programme 2026\"},{\"@type\":\"BreadcrumbList\",\"@id\":\"https:\\\/\\\/ateliers-contraste.com\\\/index.php\\\/manga\\\/#breadcrumb\",\"itemListElement\":[{\"@type\":\"ListItem\",\"position\":1,\"name\":\"Accueil\",\"item\":\"https:\\\/\\\/ateliers-contraste.com\\\/\"},{\"@type\":\"ListItem\",\"position\":2,\"name\":\"MANGA\"}]},{\"@type\":\"WebSite\",\"@id\":\"https:\\\/\\\/ateliers-contraste.com\\\/#website\",\"url\":\"https:\\\/\\\/ateliers-contraste.com\\\/\",\"name\":\"ATELIERS CONTRASTE\",\"description\":\"Pratique des Arts Plastiques\",\"publisher\":{\"@id\":\"https:\\\/\\\/ateliers-contraste.com\\\/#organization\"},\"potentialAction\":[{\"@type\":\"SearchAction\",\"target\":{\"@type\":\"EntryPoint\",\"urlTemplate\":\"https:\\\/\\\/ateliers-contraste.com\\\/?s={search_term_string}\"},\"query-input\":{\"@type\":\"PropertyValueSpecification\",\"valueRequired\":true,\"valueName\":\"search_term_string\"}}],\"inLanguage\":\"fr-FR\"},{\"@type\":\"Organization\",\"@id\":\"https:\\\/\\\/ateliers-contraste.com\\\/#organization\",\"name\":\"ATELIERS CONTRASTE\",\"url\":\"https:\\\/\\\/ateliers-contraste.com\\\/\",\"logo\":{\"@type\":\"ImageObject\",\"inLanguage\":\"fr-FR\",\"@id\":\"https:\\\/\\\/ateliers-contraste.com\\\/#\\\/schema\\\/logo\\\/image\\\/\",\"url\":\"https:\\\/\\\/i2.wp.com\\\/ateliers-contraste.com\\\/wp-content\\\/uploads\\\/2020\\\/03\\\/logo-AC.jpg?fit=811%2C514\",\"contentUrl\":\"https:\\\/\\\/i2.wp.com\\\/ateliers-contraste.com\\\/wp-content\\\/uploads\\\/2020\\\/03\\\/logo-AC.jpg?fit=811%2C514\",\"width\":811,\"height\":514,\"caption\":\"ATELIERS CONTRASTE\"},\"image\":{\"@id\":\"https:\\\/\\\/ateliers-contraste.com\\\/#\\\/schema\\\/logo\\\/image\\\/\"}}]}<\/script>\n<!-- \/ Yoast SEO plugin. -->","yoast_head_json":{"title":"MANGA - ATELIERS CONTRASTE","robots":{"index":"index","follow":"follow","max-snippet":"max-snippet:-1","max-image-preview":"max-image-preview:large","max-video-preview":"max-video-preview:-1"},"canonical":"https:\/\/ateliers-contraste.com\/index.php\/manga\/","og_locale":"fr_FR","og_type":"article","og_title":"MANGA - ATELIERS CONTRASTE","og_description":"Stages MANGA : 5j la premi\u00e8re semaine des vacances scolaires Prochain stage MANGA de 14h \u00e0 16h \u00e0 la MAI : 20 au 24 avril 2026(mat\u00e9riel fourni) ouvrir le Bulletin d&rsquo;inscriptionou contacter Fran\u00e7oise BONELLI 06 89 54 37 54 130\u20ac &#8211; Pass92 accept\u00e9M.A.I 3 Rue du Prince Eug\u00e8ne 92500, Rueil-Malmaison(Parking gratuit sur place) Abonnez vousLire la suite \"MANGA\"","og_url":"https:\/\/ateliers-contraste.com\/index.php\/manga\/","og_site_name":"ATELIERS CONTRASTE","article_modified_time":"2026-03-31T11:59:34+00:00","og_image":[{"url":"https:\/\/ateliers-contraste.com\/wp-content\/uploads\/2026\/01\/2026clindoeil.png","type":"","width":"","height":""}],"twitter_card":"summary_large_image","twitter_misc":{"Dur\u00e9e de lecture estim\u00e9e":"2 minutes"},"schema":{"@context":"https:\/\/schema.org","@graph":[{"@type":"WebPage","@id":"https:\/\/ateliers-contraste.com\/index.php\/manga\/","url":"https:\/\/ateliers-contraste.com\/index.php\/manga\/","name":"MANGA - ATELIERS CONTRASTE","isPartOf":{"@id":"https:\/\/ateliers-contraste.com\/#website"},"primaryImageOfPage":{"@id":"https:\/\/ateliers-contraste.com\/index.php\/manga\/#primaryimage"},"image":{"@id":"https:\/\/ateliers-contraste.com\/index.php\/manga\/#primaryimage"},"thumbnailUrl":"https:\/\/ateliers-contraste.com\/wp-content\/uploads\/2026\/01\/2026clindoeil.png","datePublished":"2020-02-19T16:23:24+00:00","dateModified":"2026-03-31T11:59:34+00:00","breadcrumb":{"@id":"https:\/\/ateliers-contraste.com\/index.php\/manga\/#breadcrumb"},"inLanguage":"fr-FR","potentialAction":[{"@type":"ReadAction","target":["https:\/\/ateliers-contraste.com\/index.php\/manga\/"]}]},{"@type":"ImageObject","inLanguage":"fr-FR","@id":"https:\/\/ateliers-contraste.com\/index.php\/manga\/#primaryimage","url":"https:\/\/i0.wp.com\/ateliers-contraste.com\/wp-content\/uploads\/2026\/01\/2026clindoeil.png?fit=165%2C295&ssl=1","contentUrl":"https:\/\/i0.wp.com\/ateliers-contraste.com\/wp-content\/uploads\/2026\/01\/2026clindoeil.png?fit=165%2C295&ssl=1","width":165,"height":295,"caption":"Programme 2026"},{"@type":"BreadcrumbList","@id":"https:\/\/ateliers-contraste.com\/index.php\/manga\/#breadcrumb","itemListElement":[{"@type":"ListItem","position":1,"name":"Accueil","item":"https:\/\/ateliers-contraste.com\/"},{"@type":"ListItem","position":2,"name":"MANGA"}]},{"@type":"WebSite","@id":"https:\/\/ateliers-contraste.com\/#website","url":"https:\/\/ateliers-contraste.com\/","name":"ATELIERS CONTRASTE","description":"Pratique des Arts Plastiques","publisher":{"@id":"https:\/\/ateliers-contraste.com\/#organization"},"potentialAction":[{"@type":"SearchAction","target":{"@type":"EntryPoint","urlTemplate":"https:\/\/ateliers-contraste.com\/?s={search_term_string}"},"query-input":{"@type":"PropertyValueSpecification","valueRequired":true,"valueName":"search_term_string"}}],"inLanguage":"fr-FR"},{"@type":"Organization","@id":"https:\/\/ateliers-contraste.com\/#organization","name":"ATELIERS CONTRASTE","url":"https:\/\/ateliers-contraste.com\/","logo":{"@type":"ImageObject","inLanguage":"fr-FR","@id":"https:\/\/ateliers-contraste.com\/#\/schema\/logo\/image\/","url":"https:\/\/i2.wp.com\/ateliers-contraste.com\/wp-content\/uploads\/2020\/03\/logo-AC.jpg?fit=811%2C514","contentUrl":"https:\/\/i2.wp.com\/ateliers-contraste.com\/wp-content\/uploads\/2020\/03\/logo-AC.jpg?fit=811%2C514","width":811,"height":514,"caption":"ATELIERS CONTRASTE"},"image":{"@id":"https:\/\/ateliers-contraste.com\/#\/schema\/logo\/image\/"}}]}},"uagb_featured_image_src":{"full":false,"thumbnail":false,"medium":false,"medium_large":false,"large":false,"1536x1536":false,"2048x2048":false,"post-thumbnail":false},"uagb_author_info":{"display_name":"admin8009","author_link":"https:\/\/ateliers-contraste.com\/index.php\/author\/admin8009\/"},"uagb_comment_info":0,"uagb_excerpt":"Stages MANGA : 5j la premi\u00e8re semaine des vacances scolaires Prochain stage MANGA de 14h \u00e0 16h \u00e0 la MAI : 20 au 24 avril 2026(mat\u00e9riel fourni) ouvrir le Bulletin d&rsquo;inscriptionou contacter Fran\u00e7oise BONELLI 06 89 54 37 54 130\u20ac &#8211; Pass92 accept\u00e9M.A.I 3 Rue du Prince Eug\u00e8ne 92500, Rueil-Malmaison(Parking gratuit sur place) Abonnez vousLire\u2026","coauthors":[],"author_meta":{"author_link":"https:\/\/ateliers-contraste.com\/index.php\/author\/admin8009\/","display_name":"admin8009"},"relative_dates":{"created":"Publi\u00e9 6 ans il y a","modified":"Mis \u00e0 jour 3 semaines il y a"},"absolute_dates":{"created":"Publi\u00e9 le 19\/02\/2020","modified":"Mise \u00e0 jour le 31\/03\/2026"},"absolute_dates_time":{"created":"Publi\u00e9 le 19\/02\/2020 17 h 23 min","modified":"Mise \u00e0 jour le 31\/03\/2026 13 h 59 min"},"featured_img_caption":"","featured_img":false,"series_order":"","jetpack_sharing_enabled":true,"_links":{"self":[{"href":"https:\/\/ateliers-contraste.com\/index.php\/wp-json\/wp\/v2\/pages\/117","targetHints":{"allow":["GET"]}}],"collection":[{"href":"https:\/\/ateliers-contraste.com\/index.php\/wp-json\/wp\/v2\/pages"}],"about":[{"href":"https:\/\/ateliers-contraste.com\/index.php\/wp-json\/wp\/v2\/types\/page"}],"author":[{"embeddable":true,"href":"https:\/\/ateliers-contraste.com\/index.php\/wp-json\/wp\/v2\/users\/1"}],"replies":[{"embeddable":true,"href":"https:\/\/ateliers-contraste.com\/index.php\/wp-json\/wp\/v2\/comments?post=117"}],"version-history":[{"count":78,"href":"https:\/\/ateliers-contraste.com\/index.php\/wp-json\/wp\/v2\/pages\/117\/revisions"}],"predecessor-version":[{"id":2911,"href":"https:\/\/ateliers-contraste.com\/index.php\/wp-json\/wp\/v2\/pages\/117\/revisions\/2911"}],"wp:attachment":[{"href":"https:\/\/ateliers-contraste.com\/index.php\/wp-json\/wp\/v2\/media?parent=117"}],"curies":[{"name":"wp","href":"https:\/\/api.w.org\/{rel}","templated":true}]}}